hat is the remainder when 610 is divided by z?
5
Let b(l) = -l + 15. Suppose 30*w - 154 = 8*w. Calculate the remainder when 23 is divided by b(w).
7
Let a(p) be the first derivative of p**3/3 + p**2/2 - 107*p - 67. Calculate the remainder when a(-15) is divided by 27.
22
Suppose -13*z + 3376 = -2*w, 1308 = 5*z - 7*w + 11*w. Calculate the remainder when 502 is divided by z.
242
Let l = 5511 - 5170. What is the remainder when l is divided by 39?
29
Suppose 7546 = -172*d - 121*d + 342*d. What is the remainder when 305 is divided by d?
151
Let w(q) = -18*q + 13. Calculate the remainder when w(-5) is divided by -4*(-6)/(-16)*4*(-45)/10.
22
Let r be -2 - 6/(-15)*5. Suppose r = o + 20 - 25. What is the remainder when 11 is divided by o?
1
Suppose 61*z - 10731 = 12477 + 14368. What is the remainder when z is divided by 146?
32
Suppose 5*x = 360 - 1005. Let a = x + 227. Let y(m) = 19*m + 102. Calculate the remainder when a is divided by y(-4).
20
Suppose 5*i = -3*c - 23, -3*i - 2*i - 2*c = 27. What is the remainder when ((-55)/(-10) + i)/(1/(-28)) is divided by 9?
6
Let g(b) = b**3 - 6*b**2 - 3*b - 12. Let h be g(7). Calculate the remainder when -2*(-584)/h - -7 is divided by 14.
10
Calculate the remainder when 835 is divided by ((-65)/260)/((-4)/3360).
205
Suppose -w = -2*r + 16, 4*r - 20 = 7*w - 2*w. Suppose 3*j - 954 = -3*q, 5*q + 8*j - r*j = 1562. What is the remainder when q is divided by 40?
34
Suppose 350 = d - r, 5*d - 2*r - 2*r = 1753. Suppose 5*m - d = 117. What is the remainder when m is divided by 38?
18
Suppose -4*r + 20 = 0, -65 = 71*v - 75*v - r. Calculate the remainder when -2*3/6*-103 is divided by v.
13
Let o(a) = 3*a**3 - 4*a**2 - 17*a + 57. Suppose -1775 + 254 = -3*s. What is the remainder when s is divided by o(3)?
48
Let a be (-1)/((14/4)/(-7)). Let i(n) = -40*n - 145. Let f be i(-7). Calculate the remainder when 9297/f - a/(-15) is divided by 9.
6
What is the remainder when 1318 is divided by (2 - 0) + (-1 - -1) + -4779 + 4809?
6
Let t = 1703 - 1700. Let l = 16 - 1. Suppose 0*w = -5*w + l. Calculate the remainder when t is divided by w.
0
Let v = 747 - 481. What is the remainder when v is divided by 16?
10
Suppose 705 = 5*z - 5*x, 10*z - 8*z = x + 287. What is the remainder when z is divided by 113?
33
Suppose -51317 = -64*o + 843. Calculate the remainder when o is divided by 34.
33
Let i = -178 + 212. Suppose -2*v + 86 = -4*q, 14*v - q - 224 = 9*v. What is the remainder when v is divided by i?
11
Let k(r) = 47*r + 1460. What is the remainder when k(-18) is divided by 191?
41
Suppose 9441*f - 9404*f = 122840. What is the remainder when f is divided by 208?
200
Let d be (378/28)/((-2)/(-24) + 0). Let o = d - -56. What is the remainder when o is divided by 56?
50
Let b(z) = 121*z**2 - z. Let a(u) = -34*u + 2777. Calculate the remainder when b(2) is divided by a(81).
22
Let m = 8986 + -6174. Suppose m = -h + 20*h. What is the remainder when h is divided by 40?
28
Let p(w) = 2*w - 6. Let c = 274 + -237. Suppose 0 = -5*m - 0*m + r + 60, 0 = -2*m + 3*r + c. What is the remainder when m is divided by p(5)?
3
Suppose 23*w - 1102 + 504 = 0. Calculate the remainder when 725 is divided by w.
23
Suppose 114 = 13*m - 230 - 189. Suppose -4*z + 656 = 2*i, -i + 0*i + 5*z = -321. Calculate the remainder when i is divided by m.
39
Let f(p) = p**3 + 10*p**2 - 14*p - 11. Let z be f(-10). Let b = z - 22. What is the remainder when b is divided by (-2 - 20/(-6))*27?
35
Let u = 40934 - 31697. Calculate the remainder when u is divided by 10.
7
Let f = 2493 + -2467. Let t = -38 + 53. What is the remainder when f is divided by t?
11
Let w = 71 - 59. What is the remainder when 1/(-4) - 1092/(-16) is divided by (8/w - (-115)/(-15))/(-1)?
5
Suppose -5*u - 2 = -12. Suppose -366 = -u*m + 4*q, 2*q - 860 = -5*m + q. Calculate the remainder when m is divided by 20.
13
Suppose -28 = -3*f + 2*x, 2*f - 5*x = -1 + 16. What is the remainder when (f/(-20))/((-1)/1146) is divided by 32?
29
What is the remainder when 3607 is divided by (-1476)/48*32/(-24)?
40
Suppose 18*g + 1835 = 6191. What is the remainder when g is divided by 15?
2
Suppose u = -38 - 39. Let g(x) = 107*x**2 + 672*x + 30. Let t be g(-6). Let o = u - t. Calculate the remainder when o is divided by 19.
16
Let h = 114 - -19. Suppose 0 = -9*r - 5*b + 52, -5*r = -24*b + 23*b - 44. What is the remainder when h is divided by r?
5
Let p be -5*(6 + -6 + -1). Suppose 24 = p*u - 36. Calculate the remainder when u is divided by 9.
3
Suppose 1184 = 199*y - 195*y + 3*u, 2*u + 307 = y. What is the remainder when y is divided by 50?
49
Let k = -10923 - -11139. Calculate the remainder when 1480 is divided by k.
184
Suppose -152*h + 149*h - k = -328, -5*h + 536 = -k. What is the remainder when h is divided by 10?
8
Suppose 2*b - 2*w - 74 = 0, b + 4*b = -2*w + 185. Let j = b - 37. What is the remainder when j + 21 - ((-7 - -4) + 0) is divided by 5?
4
Suppose -7020 = -16*j - 119*j + 27*j. What is the remainder when 159 is divided by j?
29
Let o(g) = 3*g**2 - 3. Let p be o(-3). Suppose 3*x + a - 166 = 0, 19*x = p*x - 4*a - 305. What is the remainder when 166 is divided by x?
52
Suppose 5*d + 78 = 2*j, 195 = 7*j - 2*j - 2*d. Let z(o) = 6*o + 4. Calculate the remainder when z(5) is divided by 232/13 - (0 + (-6)/j).
16
Suppose -216 = -13*x - 21. Calculate the remainder when x is divided by (-54)/45*(-40)/6.
7
Let n(j) = j + 8. Let h be n(-7). Suppose -m = -h - 13. Calculate the remainder when 36/144 - 2/(-8)*195 is divided by m.
7
Let w = 22 + -1. Let x be -57*((-40)/15 + 3). Let t = w + x. Calculate the remainder when t is divided by 1.
0
Let i = -211 - -93. Let u = 178 + i. What is the remainder when u is divided by 9?
6
Let p(x) = 8*x + 36. Let a be p(11). Suppose 0 = -51*g + 55*g - a. What is the remainder when g is divided by 12?
7
Let b = -8522 + 8901. What is the remainder when b is divided by 92?
11
Let i be 1 + -4 + (-12)/(-1). Suppose 2*h = -h + i. Suppose 152 - 47 = h*q. What is the remainder when q is divided by 18?
17
Suppose 58*c = -60*c + 1770. Calculate the remainder when 8576 is divided by c.
11
Suppose 0 = -4*d - 2*d + 702. Suppose 35 = -3*q + 167. Let z = -14 + q. Calculate the remainder when d is divided by z.
27
Let v = -3314 + 7324. Calculate the remainder when v is divided by 223.
219
Let k(t) = -3*t - 105. Let s be k(-35). Suppose s = 8*v - 1 - 7. Calculate the remainder when 1 is divided by v.
0
Let v(z) = -5*z**2 - 31*z - 6. Let i(h) = h**2 - 7*h - 34. Let b be i(10). Calculate the remainder when v(b) is divided by 1/(-1) - 11/(-1).
8
Let d(y) = -5*y + 7. Let z be (24/18)/((-10)/105). Calculate the remainder when d(z) is divided by 21.
14
Suppose -72*q = -11*q - 738 - 482. Calculate the remainder when (-1591)/(-4) - (-2)/8 is divided by q.
18
Let x(l) = -l**2 - 5*l + 16. Let z be x(-7). Suppose z = -11*g + 10*g. What is the remainder when 40 is divided by -1*-4*(-7)/g?
12
Let b = -286 + 546. Suppose 7*w - b = 951. What is the remainder when w is divided by 35?
33
Let n = 4084 - 3572. What is the remainder when n is divided by 5?
2
Suppose -10*m = -7*m - 15. Let o = -2 + m. Suppose 5*w - 49 = -o*v, 2*v + 3 = -2*w + 33. What is the remainder when 24 is divided by v?
11
Suppose -77 - 38 = -11*l + 116. What is the remainder when 1174 is divided by l?
19
Let d = -34754 - -34768. Suppose 4*j - 16 = 0, -n + 5*j + 20 = -14. Calculate the remainder when n is divided by d.
12
Suppose -3*g + d + 584 = 0, 277 + 112 = 2*g - d. Let j = -54 + 107. Calculate the remainder when g is divided by j.
36
Suppose -17*m - 11182 = -19*m + 2*z, 0 = 11*m - 2*z - 61474. What is the remainder when m is divided by 65?
63
Let x = -936 + 1102. What is the remainder when x is divided by 50?
16
What is the remainder when 1289 is divided by -27*12*2*(-5)/45?
65
Let d(p) = 139*p + 2798. What is the remainder when 40 is divided by d(-20)?
4
Let g(x) = 3*x**3 - 98*x**2 + 64*x + 19. Suppose 5*q = 0, -2*i + 5*q = 2*i - 36. Calculate the remainder when g(32) is divided by i.
1
Let i = 3000 + -2958. Let h = 9 + 4. Suppose h*l = 19*l - i. What is the remainder when 17 is divided by l?
3
Let d = -5646 - -7120. What is the remainder when d is divided by 17?
12
Suppose 5*k + 48 = k. Let y(c) = -c**3 - 6*c**2 + 13*c - 20. What is the remainde